36. Suppose -3*f - 2*f + 365 = 0. Suppose -p - a = -f. List the prime factors of p.
61
Let y(j) = -6*j**2 - 10*j - 3. Let t(x) = 7*x**2 + 11*x + 3. Let k(p) = -5*t(p) - 6*y(p). Let n be k(-3). Let r = 17 - n. What are the prime factors of r?
2, 5
Let i(f) = -274*f**2. Let y be i(1). What are the prime factors of (y/4)/(-4 + 92/24)?
3, 137
Let z(w) = w**3 - 30*w**2 + 52*w + 96. What are the prime factors of z(37)?
41, 283
Let n be (-2)/9 + 112/18. Let i = -9 + 5. List the prime factors of -426*(i/2)/n.
2, 71
Let k(x) = x**3 - 13*x**2 + 13*x - 12. Let t be k(12). Suppose t = -4*g + 12, 0 = 4*f - 4*g + 2*g - 4790. List the prime factors of f.
11, 109
Let o be ((-3)/2)/((-30)/20). What are the prime factors of 5*(o + 665/25)?
2, 3, 23
Let m(d) = -d**3 + 7*d**2 - d - 1. Let g be m(7). List the prime factors of g/(-20) - 3279/(-15).
3, 73
Let t(m) = -2*m**3 + m**2 - m + 3925. Let x be t(0). Suppose 0 = 2*l + 5*n + 904 - 2462, 0 = 5*l + 5*n - x. What are the prime factors of l?
3, 263
Let m be (-4 - -5 - 5) + (-2 - -8). List the prime factors of (((-11768)/6)/(4/(-6)))/m.
1471
What are the prime factors of 2521 - 13/((-182)/112)?
3, 281
Suppose 4*l - 6237 = -3*m, -8*l + m = -4*l - 6241. What are the prime factors of l?
2, 3, 5, 13
Suppose -199*k = -219*k + 1082300. What are the prime factors of k?
5, 79, 137
Let v(c) = -c**3 + 8*c**2 + 4*c + 4. Let x be v(3). Let w = 220 + x. List the prime factors of w.
281
Suppose -f + 10 = l, 2*l + 2 = 12. Let d(g) = g**2 + 26*g + 3*g**2 - 11 - f*g**2. List the prime factors of d(23).
2, 29
Let l = 11186 - 5833. What are the prime factors of l?
53, 101
Let y(a) = -10*a**2 + 2*a + 8 + 9*a + 0*a + a**3 - 1. Let w be y(9). Suppose -w = -6*g + 5. What are the prime factors of g?
5
Suppose -t - 7659 = 2*q - 45380, -2*t = 21*q - 75340. List the prime factors of t.
97, 389
Let w be 1/7 - 861/(-147). Suppose -q - 4*o - 8 = -0*q, -2*q + 2*o = -24. Let c = q - w. What are the prime factors of c?
2
Suppose -2*d + 43 = k, -k + 40 + 31 = -5*d. Let g(p) = 107*p**2 - 2*p - 14 - k*p**2 - 55*p**2. List the prime factors of g(-11).
3, 43
Suppose 3 = 2*n - 7. Suppose 4*l = n*l + 2. List the prime factors of (-2 - 0) + l + 95.
7, 13
Suppose 30*l - 14 = 26*l - 2*m, 0 = m - 1. Suppose 0 = 5*h - 20 - 5. Suppose l*p + h*k - 385 = 0, k + 621 = 4*p + 146. List the prime factors of p.
2, 3, 5
Let t be 0/2 + -8 + 886. Suppose -1581 = -2*v - w, -2*v - 3*w = -2469 + t. What are the prime factors of v?
2, 197
Suppose -d + p = 0, -62*d = -64*d - 2*p. Suppose d = -h + 2*w + 1114, -w + 3321 = 23*h - 20*h. List the prime factors of h.
2, 277
Let a(w) = w**2 + 16*w + 14. Suppose -61 = 4*d - 1. Let i be a(d). What are the prime factors of i + 62 + -1 + -3?
3, 19
Suppose 7*a + 36522 = 293940. What are the prime factors of a?
2, 3, 227
Let f = -13970 - -16591. What are the prime factors of f?
2621
Suppose 10*g + 212 = 42. Let u(i) = 4*i**2 + 34*i + 36. List the prime factors of u(g).
2, 307
Let i(q) = 4*q**2 - 4*q - 14. Let a be i(-9). Let j = a - 781. What are the prime factors of (1/(15/(-24)))/(3/j)?
2, 29
Let w = 586 - 264. Suppose 5*d + 18*d - w = 0. What are the prime factors of d?
2, 7
Let k be (-2)/(((-42)/(-9))/(-7)). What are the prime factors of k - (-1901 - -2) - (-2 + 1)?
11, 173
Let q be 98/(-1) - (2 + 0). Let l = q + 150. What are the prime factors of l?
2, 5
Suppose 2*c = 23*c - 105. What are the prime factors of 1*(-1146)/(-30)*c?
191
Let i(q) = q**3 + 3*q**2 - 4*q + 1. Let j be i(-4). Let l(u) = 11*u - 569. Let w be l(52). What are the prime factors of 0 + j/(w/24)?
2
Let i = 33 + -20. Suppose 5*u + 3072 = i*u. Suppose 4*b + 20 - u = 0. What are the prime factors of b?
7, 13
Suppose g = -2*g + 4*c + 3133, -4*c - 2090 = -2*g. Let l = -326 + g. List the prime factors of l.
3, 239
Let k(w) = 2*w**2 - 19*w + 28. Let q(m) = -m**2 + 9*m - 14. Let i(y) = 3*k(y) + 5*q(y). Let d be i(13). Let a = d + 1. What are the prime factors of a?
2, 7
List the prime factors of 18/(-45)*((-665325)/18)/1.
5, 2957
Suppose 36*s + 2*p + 52317 = 39*s, 24 = 4*p. List the prime factors of s.
17443
Suppose 236*x - 17*x - 1419558 = 0. What are the prime factors of x?
2, 7, 463
Let s(c) = c**2 + 11*c + 18. Let y be s(-8). What are the prime factors of (94 - -11) + y/3 + 2?
3, 5, 7
Let k = 864 + -796. Suppose -62*s + k*s - 10182 = 0. List the prime factors of s.
1697
Let j = 5762 - 3189. List the prime factors of j.
31, 83
Let w = -465 - -1245. Let m = w - 253. List the prime factors of m.
17, 31
Suppose 554*p - 48296 = 553*p + x, -x = 8. What are the prime factors of p?
2, 3, 503
Suppose 102*p = -662946 + 1832580. What are the prime factors of p?
11467
Let v(b) = 28*b**2 + 2*b + 40. Let c be v(-5). Suppose -c = -7*u + 1286. What are the prime factors of u?
2, 3
List the prime factors of 306*(-1)/(-4)*23648/48.
3, 17, 739
Let o(u) = -3*u + 38. Let g be o(26). Let c = 5 + g. What are the prime factors of (-7)/c - (-1 - 72/15)?
2, 3
Let f = -113 + 118. Let g be ((-2)/f)/((-2)/(-50)). List the prime factors of (-2)/(4/(-6)) - g*8.
83
Let o = 12430 - 3425. What are the prime factors of o?
5, 1801
Suppose 0 = 5*j - 5*c - 392555, 2*j - 100492 = 4*c + 56520. What are the prime factors of j?
2, 3, 727
Let t = 63 - 50. Suppose -6*j = -1 + t. List the prime factors of (-3 - j)/((-5)/155).
31
Let h = -120 - -40. List the prime factors of (0 - 692/6)/(h/120).
173
Let p = 14 + -13. Let k be 3*((-1390)/(-20))/(p/2). Suppose 3*s + 0*s = k. What are the prime factors of s?
139
Let a(v) = 2 + 2 + 7*v - 2 - 14*v - 22*v. Let o = 8 + -14. List the prime factors of a(o).
2, 11
Let i(s) = 6*s**3 + 28*s**2 + 91*s - 54. List the prime factors of i(14).
2, 3, 1931
Let s = -20 + -118. Let x = 258 + s. List the prime factors of x.
2, 3, 5
Let z(c) = -2*c**3 + 6*c**2 - 24*c + 12. Let l be z(7). Let u = -69 - l. What are the prime factors of u?
479
Let m(b) = -b**3 + 4*b**2 + 2*b - 4. Let o be m(4). What are the prime factors of (0 + (-1182)/9)/(o/(-18))?
3, 197
Let r(u) = -825*u + 33424. What are the prime factors of r(0)?
2, 2089
Let s = 1331 - 371. Suppose -g + 5*g = 2*l - s, -5 = -5*g. What are the prime factors of l?
2, 241
Let a = -60 - -60. Let z be (-2 + (2 - a))*(-4 + 3). Suppose 1 = h, -q + 0*q + 4*h + 1 = z. List the prime factors of q.
5
Suppose -14*h + 8473 = -2097. Suppose 5*s + h = 7425. List the prime factors of s.
2, 23, 29
List the prime factors of (8901 - 1) + (-146)/(-146).
3, 23, 43
Let v(i) = 4*i + 20. Let g be v(-5). Suppose -2*c + 2*a + 53 = 3*c, g = -2*c - 4*a + 26. Suppose c*n = 14*n - 267. What are the prime factors of n?
89
Suppose 0 = 4*l - j - 1298 - 4473, 17314 = 12*l - 2*j. What are the prime factors of l?
3, 13, 37
Let n = 23653 - 11334. What are the prime factors of n?
97, 127
Let g = -2 + -6. Let b be (3165/(-60))/(2/g). Let x = -98 + b. List the prime factors of x.
113
What are the prime factors of 40/5*(-5 + 6150/12 + -4)?
2, 19, 53
Let z = 107 + -108. What are the prime factors of 13871/52 - -1*z/(-4)?
3, 89
Let z(h) = -h**2 + 11*h + 31. Let l be z(14). Let t be (-5)/(-30) + (0 - l/6). Let j = 42 + t. List the prime factors of j.
2, 11
Suppose 14*r - 15*r = 15. Let z = -43 - r. Let u = z - -30. What are the prime factors of u?
2
List the prime factors of 1 - 704224/(-76) - (-12)/(-114).
3, 3089
Let v = 80 - 68. Let r be 148/(-20) + v/30. What are the prime factors of (-229)/r + 2*7/49?
3, 11
What are the prime factors of (51702/84)/(-2*(-2)/72)?
3, 1231
Suppose -122*m = -125*m + 75. Suppose -2*c - 3*w + 119 + 1044 = 0, 5*w = m. List the prime factors of c.
2, 7, 41
Suppose 0 = 32*h - 58*h + 234468. List the prime factors of h.
2, 3, 167
Let z(j) = -2*j - 1. Let s(y) = -3*y + 34. Let h(k) = s(k) - 5*z(k). Let o be h(-9). List the prime factors of (-2)/(-3) + (-1880)/o.
79
Let y be 2621/(-9) - (-14)/63. Let c = 386 + y. What are the prime factors of c?
5, 19
Suppose -z - i = 11, -2*i = -3*z - 6*i - 29. What are the prime factors of (2 + 35/z)/((-1)/4053)?
7, 193
Let z(q) = 19*q**2 + 3*q - 2. Let x be z(1). Suppose -22*h = -x*h - 8. Suppose 0 = h*m - 26 - 18. What are the prime factors of m?
11
Let u be 2/9 - 112/18. Let j(w) = -2 + 3*w**2 + 13 - 135*w - 2 + 127*w. List the prime factors of j(u).
3, 5, 11
Let o = 788 + -547. What are the prime factors of 